{"id":582,"date":"2021-02-01T01:32:15","date_gmt":"2021-02-01T01:32:15","guid":{"rendered":"https:\/\/augustiniani.cz\/Spanish\/?page_id=582"},"modified":"2021-02-09T13:19:49","modified_gmt":"2021-02-09T13:19:49","slug":"sv-augustin","status":"publish","type":"page","link":"https:\/\/augustiniani.cz\/Spanish\/sv-augustin\/","title":{"rendered":"San Agust\u00edn"},"content":{"rendered":"\t\t<div data-elementor-type=\"wp-page\" data-elementor-id=\"582\" class=\"elementor elementor-582\" data-elementor-settings=\"[]\">\n\t\t\t\t\t\t<div class=\"elementor-inner\">\n\t\t\t\t\t\t\t<div class=\"elementor-section-wrap\">\n\t\t\t\t\t\t\t<section class=\"elementor-section elementor-top-section elementor-element elementor-element-8ce047a elementor-section-boxed elementor-section-height-default elementor-section-height-default\" data-id=\"8ce047a\" data-element_type=\"section\" data-settings=\"{&quot;ekit_has_onepagescroll_dot&quot;:&quot;yes&quot;}\">\n\t\t\t\t\t\t<div class=\"elementor-container elementor-column-gap-default\">\n\t\t\t\t\t\t\t<div class=\"elementor-row\">\n\t\t\t\t\t<div class=\"elementor-column elementor-col-100 elementor-top-column elementor-element elementor-element-ed896ee\" data-id=\"ed896ee\" data-element_type=\"column\">\n\t\t\t<div class=\"elementor-column-wrap elementor-element-populated\">\n\t\t\t\t\t\t\t<div class=\"elementor-widget-wrap\">\n\t\t\t\t\t\t<div class=\"elementor-element elementor-element-1213f6e elementor-widget elementor-widget-heading\" data-id=\"1213f6e\" data-element_type=\"widget\" data-widget_type=\"heading.default\">\n\t\t\t\t<div class=\"elementor-widget-container\">\n\t\t\t<h2 class=\"elementor-heading-title elementor-size-default\">San Agust\u00edn<\/h2>\t\t<\/div>\n\t\t\t\t<\/div>\n\t\t\t\t<div class=\"elementor-element elementor-element-6a40d12 elementor-widget-divider--view-line elementor-widget elementor-widget-divider\" data-id=\"6a40d12\" data-element_type=\"widget\" data-widget_type=\"divider.default\">\n\t\t\t\t<div class=\"elementor-widget-container\">\n\t\t\t\t\t<div class=\"elementor-divider\">\n\t\t\t<span class=\"elementor-divider-separator\">\n\t\t\t\t\t\t<\/span>\n\t\t<\/div>\n\t\t\t\t<\/div>\n\t\t\t\t<\/div>\n\t\t\t\t\t\t<\/div>\n\t\t\t\t\t<\/div>\n\t\t<\/div>\n\t\t\t\t\t\t\t\t<\/div>\n\t\t\t\t\t<\/div>\n\t\t<\/section>\n\t\t\t\t<section class=\"elementor-section elementor-top-section elementor-element elementor-element-cb1b9a3 elementor-section-boxed elementor-section-height-default elementor-section-height-default\" data-id=\"cb1b9a3\" data-element_type=\"section\" data-settings=\"{&quot;ekit_has_onepagescroll_dot&quot;:&quot;yes&quot;}\">\n\t\t\t\t\t\t<div class=\"elementor-container elementor-column-gap-default\">\n\t\t\t\t\t\t\t<div class=\"elementor-row\">\n\t\t\t\t\t<div class=\"elementor-column elementor-col-100 elementor-top-column elementor-element elementor-element-f482070\" data-id=\"f482070\" data-element_type=\"column\">\n\t\t\t<div class=\"elementor-column-wrap elementor-element-populated\">\n\t\t\t\t\t\t\t<div class=\"elementor-widget-wrap\">\n\t\t\t\t\t\t<div class=\"elementor-element elementor-element-eb74f7a elementor-widget elementor-widget-image\" data-id=\"eb74f7a\" data-element_type=\"widget\" data-widget_type=\"image.default\">\n\t\t\t\t<div class=\"elementor-widget-container\">\n\t\t\t\t\t<div class=\"elementor-image\">\n\t\t\t\t\t\t\t\t\t\t<img loading=\"lazy\" decoding=\"async\" width=\"300\" height=\"152\" src=\"https:\/\/augustiniani.cz\/Spanish\/wp-content\/uploads\/2021\/01\/Antonio_Rodriguez_-_Saint_Augustine_-_Google_Art_Project1-3-300x152.jpg\" class=\"attachment-medium size-medium\" alt=\"\" srcset=\"https:\/\/augustiniani.cz\/Spanish\/wp-content\/uploads\/2021\/01\/Antonio_Rodriguez_-_Saint_Augustine_-_Google_Art_Project1-3-300x152.jpg 300w, https:\/\/augustiniani.cz\/Spanish\/wp-content\/uploads\/2021\/01\/Antonio_Rodriguez_-_Saint_Augustine_-_Google_Art_Project1-3-1024x520.jpg 1024w, https:\/\/augustiniani.cz\/Spanish\/wp-content\/uploads\/2021\/01\/Antonio_Rodriguez_-_Saint_Augustine_-_Google_Art_Project1-3-768x390.jpg 768w, https:\/\/augustiniani.cz\/Spanish\/wp-content\/uploads\/2021\/01\/Antonio_Rodriguez_-_Saint_Augustine_-_Google_Art_Project1-3-1536x780.jpg 1536w, https:\/\/augustiniani.cz\/Spanish\/wp-content\/uploads\/2021\/01\/Antonio_Rodriguez_-_Saint_Augustine_-_Google_Art_Project1-3.jpg 1711w\" sizes=\"auto, (max-width: 300px) 100vw, 300px\" \/>\t\t\t\t\t\t\t\t\t\t\t<\/div>\n\t\t\t\t<\/div>\n\t\t\t\t<\/div>\n\t\t\t\t\t\t<\/div>\n\t\t\t\t\t<\/div>\n\t\t<\/div>\n\t\t\t\t\t\t\t\t<\/div>\n\t\t\t\t\t<\/div>\n\t\t<\/section>\n\t\t\t\t<section class=\"elementor-section elementor-top-section elementor-element elementor-element-76adf7c elementor-section-boxed elementor-section-height-default elementor-section-height-default\" data-id=\"76adf7c\" data-element_type=\"section\" data-settings=\"{&quot;background_background&quot;:&quot;classic&quot;,&quot;ekit_has_onepagescroll_dot&quot;:&quot;yes&quot;}\">\n\t\t\t\t\t\t<div class=\"elementor-container elementor-column-gap-default\">\n\t\t\t\t\t\t\t<div class=\"elementor-row\">\n\t\t\t\t\t<div class=\"elementor-column elementor-col-100 elementor-top-column elementor-element elementor-element-82bfed8\" data-id=\"82bfed8\" data-element_type=\"column\">\n\t\t\t<div class=\"elementor-column-wrap elementor-element-populated\">\n\t\t\t\t\t\t\t<div class=\"elementor-widget-wrap\">\n\t\t\t\t\t\t<div class=\"elementor-element elementor-element-03fe37e elementor-widget elementor-widget-heading\" data-id=\"03fe37e\" data-element_type=\"widget\" data-widget_type=\"heading.default\">\n\t\t\t\t<div class=\"elementor-widget-container\">\n\t\t\t<h2 class=\"elementor-heading-title elementor-size-default\">Un hombre de todos los tiempos<\/h2>\t\t<\/div>\n\t\t\t\t<\/div>\n\t\t\t\t<div class=\"elementor-element elementor-element-ffa04ef elementor-widget-divider--view-line elementor-widget elementor-widget-divider\" data-id=\"ffa04ef\" data-element_type=\"widget\" data-widget_type=\"divider.default\">\n\t\t\t\t<div class=\"elementor-widget-container\">\n\t\t\t\t\t<div class=\"elementor-divider\">\n\t\t\t<span class=\"elementor-divider-separator\">\n\t\t\t\t\t\t<\/span>\n\t\t<\/div>\n\t\t\t\t<\/div>\n\t\t\t\t<\/div>\n\t\t\t\t<section class=\"elementor-section elementor-inner-section elementor-element elementor-element-175b8dd elementor-section-boxed elementor-section-height-default elementor-section-height-default\" data-id=\"175b8dd\" data-element_type=\"section\" data-settings=\"{&quot;ekit_has_onepagescroll_dot&quot;:&quot;yes&quot;}\">\n\t\t\t\t\t\t<div class=\"elementor-container elementor-column-gap-default\">\n\t\t\t\t\t\t\t<div class=\"elementor-row\">\n\t\t\t\t\t<div class=\"elementor-column elementor-col-50 elementor-inner-column elementor-element elementor-element-95198cf\" data-id=\"95198cf\" data-element_type=\"column\">\n\t\t\t<div class=\"elementor-column-wrap elementor-element-populated\">\n\t\t\t\t\t\t\t<div class=\"elementor-widget-wrap\">\n\t\t\t\t\t\t<div class=\"elementor-element elementor-element-d2750aa elementor-widget elementor-widget-text-editor\" data-id=\"d2750aa\" data-element_type=\"widget\" data-widget_type=\"text-editor.default\">\n\t\t\t\t<div class=\"elementor-widget-container\">\n\t\t\t\t\t<div class=\"elementor-text-editor elementor-clearfix\"><p><span style=\"font-family: Spartan; font-size: 14pt;\">Con la historia en la mano, Agust\u00edn nos resulta distante en el tiempo y distinto en los modos, nos separan muchos a\u0144os, demasiados a\u0144os de \u00e9l; Agust\u00edn es hombre de su tiempo, es un hombre entre dos \u00e9pocas, un hombre que ha vivido en un ambiente cultural determinado, comprometido con todos los movimientos culturales de su \u00e9poca y recogiendo lo mejor de ellos. No se puede olvidar nunca que Agust\u00edn es antiguo, basta ver la fecha de nacimiento; pero adem\u00e1s de ser antiguo en cuanto a la cronolog\u00eda, es de la antig\u00fcedad cultural y filos\u00f3fica de la que \u00e9l ha bebido. Sin embargo, como ocurre con todos los genios y los santos no pueden quedar encerrados en una \u00e9poca hist\u00f3rica determinada, si no que participan del ahora perenne. Esto es m\u00e1s claro en Agust\u00edn, su figura permanece viva, estimulante y cercana a trav\u00e9s de los tiempos; su pensamiento no s\u00f3lo no envejece, sino que est\u00e1 tierno y actual y puede saciar el hambre de verdad y de bien que anida en el coraz\u00f3n humano: \u00abS. Agust\u00edn es contempor\u00e1neo de cada hombre que vive en serio el drama de su pensamiento, que se siente como lanzado a un mundo que por todas partes proclama su insuficiencia. Es nuestro contempor\u00e1neo porque hace del mundo existencial humano el punto fundamental de su investigaci\u00f3n filos\u00f3fica\u00bb. Como dice Ortega, Agust\u00edn es \u00abla \u00fanica mente en el mundo antiguo que sabe de la intimidad caracter\u00edstica de la experiencia moderna\u00bb.<\/span><\/p><p><span style=\"font-family: Spartan; font-size: 14pt;\">Es probable que Agust\u00edn tenga una palabra que decirnos hoy, pero aunque tenga una palabra que decirnos, no tiene por qu\u00e9 resolver todos los problemas que tenemos hoy; lo que s\u00ed puede hacer desde su obra es incitarnos a resolverlos y, a la vez, ser foco que ilumina nuestro camino. Es prerrogativa del genio trascender los l\u00edmites del espacio y del tiempo, pertenecer a todos los pueblos y a todas las \u00e9pocas. Pero es innegable que este africano est\u00e1 m\u00e1s presente hoy que muchos genios filos\u00f3fico o religiosos. Su teolog\u00eda germina y crece en su alma antes de traducirse en sus escritos, su doctrina es autobiogr\u00e1fica, nace en el coraz\u00f3n y se expresa despu\u00e9s de ser experimentada en lo m\u00e1s profundo de su ser. La inquieta interioridad agustiniana es la fuente de la universalidad y de la perennidad del mensaje de verdad y de gracia divina que todav\u00eda, con inmutable frescura, nos conmueve y nos enalza. A Agust\u00edn la vida le inquieta siempre.<\/span><\/p><\/div>\n\t\t\t\t<\/div>\n\t\t\t\t<\/div>\n\t\t\t\t\t\t<\/div>\n\t\t\t\t\t<\/div>\n\t\t<\/div>\n\t\t\t\t<div class=\"elementor-column elementor-col-50 elementor-inner-column elementor-element elementor-element-6fa2f80\" data-id=\"6fa2f80\" data-element_type=\"column\">\n\t\t\t<div class=\"elementor-column-wrap elementor-element-populated\">\n\t\t\t\t\t\t\t<div class=\"elementor-widget-wrap\">\n\t\t\t\t\t\t<div class=\"elementor-element elementor-element-a50ed0e elementor-widget elementor-widget-image\" data-id=\"a50ed0e\" data-element_type=\"widget\" data-widget_type=\"image.default\">\n\t\t\t\t<div class=\"elementor-widget-container\">\n\t\t\t\t\t<div class=\"elementor-image\">\n\t\t\t\t\t\t\t\t\t\t<img loading=\"lazy\" decoding=\"async\" width=\"397\" height=\"397\" src=\"https:\/\/augustiniani.cz\/Spanish\/wp-content\/uploads\/2021\/01\/augustin.png\" class=\"attachment-large size-large\" alt=\"\" srcset=\"https:\/\/augustiniani.cz\/Spanish\/wp-content\/uploads\/2021\/01\/augustin.png 397w, https:\/\/augustiniani.cz\/Spanish\/wp-content\/uploads\/2021\/01\/augustin-300x300.png 300w, https:\/\/augustiniani.cz\/Spanish\/wp-content\/uploads\/2021\/01\/augustin-150x150.png 150w\" sizes=\"auto, (max-width: 397px) 100vw, 397px\" \/>\t\t\t\t\t\t\t\t\t\t\t<\/div>\n\t\t\t\t<\/div>\n\t\t\t\t<\/div>\n\t\t\t\t\t\t<\/div>\n\t\t\t\t\t<\/div>\n\t\t<\/div>\n\t\t\t\t\t\t\t\t<\/div>\n\t\t\t\t\t<\/div>\n\t\t<\/section>\n\t\t\t\t\t\t<\/div>\n\t\t\t\t\t<\/div>\n\t\t<\/div>\n\t\t\t\t\t\t\t\t<\/div>\n\t\t\t\t\t<\/div>\n\t\t<\/section>\n\t\t\t\t<section class=\"elementor-section elementor-top-section elementor-element elementor-element-07ad612 elementor-section-boxed elementor-section-height-default elementor-section-height-default\" data-id=\"07ad612\" data-element_type=\"section\" data-settings=\"{&quot;background_background&quot;:&quot;classic&quot;,&quot;ekit_has_onepagescroll_dot&quot;:&quot;yes&quot;}\">\n\t\t\t\t\t\t<div class=\"elementor-container elementor-column-gap-default\">\n\t\t\t\t\t\t\t<div class=\"elementor-row\">\n\t\t\t\t\t<div class=\"elementor-column elementor-col-100 elementor-top-column elementor-element elementor-element-88c3dcd\" data-id=\"88c3dcd\" data-element_type=\"column\">\n\t\t\t<div class=\"elementor-column-wrap elementor-element-populated\">\n\t\t\t\t\t\t\t<div class=\"elementor-widget-wrap\">\n\t\t\t\t\t\t<section class=\"elementor-section elementor-inner-section elementor-element elementor-element-cada488 elementor-section-boxed elementor-section-height-default elementor-section-height-default\" data-id=\"cada488\" data-element_type=\"section\" data-settings=\"{&quot;ekit_has_onepagescroll_dot&quot;:&quot;yes&quot;}\">\n\t\t\t\t\t\t<div class=\"elementor-container elementor-column-gap-default\">\n\t\t\t\t\t\t\t<div class=\"elementor-row\">\n\t\t\t\t\t<div class=\"elementor-column elementor-col-50 elementor-inner-column elementor-element elementor-element-539d2c2\" data-id=\"539d2c2\" data-element_type=\"column\">\n\t\t\t<div class=\"elementor-column-wrap elementor-element-populated\">\n\t\t\t\t\t\t\t<div class=\"elementor-widget-wrap\">\n\t\t\t\t\t\t<div class=\"elementor-element elementor-element-625121f elementor-widget elementor-widget-text-editor\" data-id=\"625121f\" data-element_type=\"widget\" data-widget_type=\"text-editor.default\">\n\t\t\t\t<div class=\"elementor-widget-container\">\n\t\t\t\t\t<div class=\"elementor-text-editor elementor-clearfix\">\u00a9 2021. All Rights Reserved<\/div>\n\t\t\t\t<\/div>\n\t\t\t\t<\/div>\n\t\t\t\t\t\t<\/div>\n\t\t\t\t\t<\/div>\n\t\t<\/div>\n\t\t\t\t<div class=\"elementor-column elementor-col-50 elementor-inner-column elementor-element elementor-element-9de7ab5\" data-id=\"9de7ab5\" data-element_type=\"column\">\n\t\t\t<div class=\"elementor-column-wrap elementor-element-populated\">\n\t\t\t\t\t\t\t<div class=\"elementor-widget-wrap\">\n\t\t\t\t\t\t<div class=\"elementor-element elementor-element-6163e33 elementor-widget elementor-widget-text-editor\" data-id=\"6163e33\" data-element_type=\"widget\" data-widget_type=\"text-editor.default\">\n\t\t\t\t<div class=\"elementor-widget-container\">\n\t\t\t\t\t<div class=\"elementor-text-editor elementor-clearfix\">Designed and Developed by <a href=\"http:\/\/www.uxsolutions.cz\" target=\"_blank\" rel=\"noopener\" style=\"text-decoration:none;color:white;\">UX Solutions<\/a><\/div>\n\t\t\t\t<\/div>\n\t\t\t\t<\/div>\n\t\t\t\t\t\t<\/div>\n\t\t\t\t\t<\/div>\n\t\t<\/div>\n\t\t\t\t\t\t\t\t<\/div>\n\t\t\t\t\t<\/div>\n\t\t<\/section>\n\t\t\t\t\t\t<\/div>\n\t\t\t\t\t<\/div>\n\t\t<\/div>\n\t\t\t\t\t\t\t\t<\/div>\n\t\t\t\t\t<\/div>\n\t\t<\/section>\n\t\t\t\t\t\t<\/div>\n\t\t\t\t\t\t<\/div>\n\t\t\t\t\t<\/div>\n\t\t","protected":false},"excerpt":{"rendered":"<p>San Agust\u00edn Un hombre de todos los tiempos Con la historia en la mano, Agust\u00edn nos resulta distante en el [&hellip;]<\/p>\n","protected":false},"author":1,"featured_media":0,"parent":0,"menu_order":0,"comment_status":"closed","ping_status":"closed","template":"elementor_header_footer","meta":{"footnotes":""},"class_list":["post-582","page","type-page","status-publish","hentry"],"_links":{"self":[{"href":"https:\/\/augustiniani.cz\/Spanish\/wp-json\/wp\/v2\/pages\/582","targetHints":{"allow":["GET"]}}],"collection":[{"href":"https:\/\/augustiniani.cz\/Spanish\/wp-json\/wp\/v2\/pages"}],"about":[{"href":"https:\/\/augustiniani.cz\/Spanish\/wp-json\/wp\/v2\/types\/page"}],"author":[{"embeddable":true,"href":"https:\/\/augustiniani.cz\/Spanish\/wp-json\/wp\/v2\/users\/1"}],"replies":[{"embeddable":true,"href":"https:\/\/augustiniani.cz\/Spanish\/wp-json\/wp\/v2\/comments?post=582"}],"version-history":[{"count":35,"href":"https:\/\/augustiniani.cz\/Spanish\/wp-json\/wp\/v2\/pages\/582\/revisions"}],"predecessor-version":[{"id":1073,"href":"https:\/\/augustiniani.cz\/Spanish\/wp-json\/wp\/v2\/pages\/582\/revisions\/1073"}],"wp:attachment":[{"href":"https:\/\/augustiniani.cz\/Spanish\/wp-json\/wp\/v2\/media?parent=582"}],"curies":[{"name":"wp","href":"https:\/\/api.w.org\/{rel}","templated":true}]}}